{"id":8882,"date":"2025-02-28T15:42:53","date_gmt":"2025-02-28T15:42:53","guid":{"rendered":"https:\/\/brandcare.farodevelopment.ro\/?page_id=8882"},"modified":"2025-03-24T11:41:48","modified_gmt":"2025-03-24T11:41:48","slug":"susustainability","status":"publish","type":"page","link":"https:\/\/brandcare.farodevelopment.ro\/index.php\/susustainability\/","title":{"rendered":"Susustainability"},"content":{"rendered":"\t\t<div data-elementor-type=\"wp-page\" data-elementor-id=\"8882\" class=\"elementor elementor-8882\">\n\t\t\t\t<div class=\"elementor-element elementor-element-abe4430 e-con-full e-flex e-con e-parent\" data-id=\"abe4430\" data-element_type=\"container\">\n\t\t\t\t<\/div>\n\t\t<div class=\"elementor-element elementor-element-c81bba7 e-flex e-con-boxed e-con e-parent\" data-id=\"c81bba7\" data-element_type=\"container\">\n\t\t\t\t\t<div class=\"e-con-inner\">\n\t\t\t\t<div class=\"elementor-element elementor-element-dbedadb elementor-widget elementor-widget-spacer\" data-id=\"dbedadb\" data-element_type=\"widget\" data-widget_type=\"spacer.default\">\n\t\t\t\t<div class=\"elementor-widget-container\">\n\t\t\t\t\t\t\t<div class=\"elementor-spacer\">\n\t\t\t<div class=\"elementor-spacer-inner\"><\/div>\n\t\t<\/div>\n\t\t\t\t\t\t<\/div>\n\t\t\t\t<\/div>\n\t\t\t\t\t<\/div>\n\t\t\t\t<\/div>\n\t\t<div class=\"elementor-element elementor-element-6341586 e-flex e-con-boxed e-con e-parent\" data-id=\"6341586\" data-element_type=\"container\">\n\t\t\t\t\t<div class=\"e-con-inner\">\n\t\t\t\t<div class=\"elementor-element elementor-element-46390d0 elementor-widget__width-initial elementor-widget elementor-widget-ct_heading\" data-id=\"46390d0\" data-element_type=\"widget\" data-widget_type=\"ct_heading.default\">\n\t\t\t\t<div class=\"elementor-widget-container\">\n\t\t\t\t\t<div class=\"ct-heading h-align-left item-st-default\">\r\n\t\t\t<div class=\"item--sub-title style-default\">\r\n            <span>\r\n                Sustainability            <\/span>\r\n        <\/div>\r\n\t    <h3 class=\"item--title case-animate-time st-default \" data-wow-delay=\"ms\">\r\n        <span class=\"slide-in-container\"><span class=\"d-inline-block wow case-fade-in-up\">Rototech<\/span><\/span> <span class=\"slide-in-container\"><span class=\"d-inline-block wow case-fade-in-up\">per<\/span><\/span> <span class=\"slide-in-container\"><span class=\"d-inline-block wow case-fade-in-up\">l\u2019ambiente<\/span><\/span> <span class=\"slide-in-container\"><span class=\"d-inline-block wow case-fade-in-up\">e<\/span><\/span> <span class=\"slide-in-container\"><span class=\"d-inline-block wow case-fade-in-up\">le<\/span><\/span> <span class=\"slide-in-container\"><span class=\"d-inline-block wow case-fade-in-up\">persone<\/span><\/span> <span class=\"slide-in-container\"><span class=\"d-inline-block wow case-fade-in-up\"><\/span><\/span>    <\/h3>\r\n<\/div>\r\n\r\n\t\t\t\t<\/div>\n\t\t\t\t<\/div>\n\t\t\t\t\t<\/div>\n\t\t\t\t<\/div>\n\t\t<div class=\"elementor-element elementor-element-e0ab76c e-flex e-con-boxed e-con e-parent\" data-id=\"e0ab76c\" data-element_type=\"container\">\n\t\t\t\t\t<div class=\"e-con-inner\">\n\t\t\t\t<div class=\"elementor-element elementor-element-b49c847 elementor-widget__width-initial elementor-widget elementor-widget-ct_image\" data-id=\"b49c847\" data-element_type=\"widget\" data-widget_type=\"ct_image.default\">\n\t\t\t\t<div class=\"elementor-widget-container\">\n\t\t\t\t\t<div class=\"ct-image-single style1   wow flipInX\" data-width=\"\" data-height=\"\">\r\n                        <img fetchpriority=\"high\" decoding=\"async\" width=\"9284\" height=\"5417\" src=\"https:\/\/brandcare.farodevelopment.ro\/wp-content\/uploads\/2025\/03\/SUSTAINABILITY_Schema-ESG-1.png\" class=\"attachment-full\" alt=\"\" \/>            <\/div>\t\t\t\t<\/div>\n\t\t\t\t<\/div>\n\t\t\t\t<div class=\"elementor-element elementor-element-0279401 elementor-widget elementor-widget-ct_text_editor\" data-id=\"0279401\" data-element_type=\"widget\" data-widget_type=\"ct_text_editor.default\">\n\t\t\t\t<div class=\"elementor-widget-container\">\n\t\t\t\t\t<div id=\"ct_text_editor-0279401\" class=\"ct-text-editor \" data-wow-delay=\"ms\">\n\t<div class=\"ct-inline-css\"  data-css=\"\n        \t\t\">\n\n    <\/div>\n\t<div class=\"ct-text-editor elementor-clearfix\">\n\t\t<p><span data-contrast=\"auto\">Rototech si impegna attivamente nella tutela del clima e nella riduzione dell\u2019impatto ambientale. Grazie a un approccio che si estende lungo l\u2019intera catena del valore, le nostre tecnologie sono progettate per <strong>ridurre l\u2019impatto ambientale dei processi produttivi e per ottimizzare l\u2019uso delle risorse<\/strong>, favorendo l\u2019impiego di materiali a basso impatto ecologico. Siamo consapevoli che la sostenibilit\u00e0 non si limita solo all\u2019abbattimento delle emissioni, ma riguarda anche la <strong>riduzione degli sprechi, l\u2019efficienza dei cicli produttivi<\/strong> e la ricerca di soluzioni alternative ai materiali tradizionali. Per questo, il nostro dipartimento di Ricerca e Sviluppo \u00e8 costantemente impegnato nello studio di nuove tecnologie che possano migliorare la sostenibilit\u00e0. <strong>Collaboriamo con partner, universit\u00e0 e centri di ricerca per sviluppare innovazioni che abbiano un impatto positivo e tangibile sull\u2019ambiente.<\/strong><\/span><strong>\u00a0<\/strong><\/p><p><span data-contrast=\"auto\">Attraverso un processo di industrializzazione orientato alla sostenibilit\u00e0, <strong>Rototech sensibilizza fornitori e partner sulla necessit\u00e0 di adottare pratiche pi\u00f9 responsabili<\/strong>. La nostra visione \u00e8 chiara: un\u2019industria che evolve nel rispetto dell\u2019ambiente, garantendo soluzioni tecnologiche che coniugano innovazione, efficienza e responsabilit\u00e0 ecologica.<\/span><span data-ccp-props=\"{&quot;134233117&quot;:false,&quot;134233118&quot;:false,&quot;335559738&quot;:240,&quot;335559739&quot;:240}\">\u00a0<\/span><\/p><p><span data-contrast=\"auto\">Allo stesso tempo, <strong>lavoriamo instancabilmente per rendere Rototech un luogo di lavoro ideale.<\/strong> Questo avviene attraverso programmi di welfare aziendale, formazione continua e un team dedicato che mira a coinvolgere tutti gli stakeholder aziendali. Crediamo che il benessere delle persone sia un elemento fondamentale per una crescita sostenibile, capace di generare valore non solo per l\u2019azienda, ma per l\u2019intera comunit\u00e0.<\/span><span data-ccp-props=\"{&quot;134233117&quot;:false,&quot;134233118&quot;:false,&quot;335559738&quot;:240,&quot;335559739&quot;:240}\">\u00a0<\/span><\/p><p><strong>Solo attraverso un impegno condiviso e l\u2019adozione di tecnologie all\u2019avanguardia possiamo costruire un mondo in cui progresso e tutela ambientale vadano di pari passo, offrendo alle generazioni future un pianeta pi\u00f9 sano e vivibile.\u00a0<\/strong><\/p>\t\t\n\t<\/div>\n<\/div>\t\t\t\t<\/div>\n\t\t\t\t<\/div>\n\t\t\t\t<div class=\"elementor-element elementor-element-66ce9fa elementor-widget elementor-widget-ct_image\" data-id=\"66ce9fa\" data-element_type=\"widget\" data-widget_type=\"ct_image.default\">\n\t\t\t\t<div class=\"elementor-widget-container\">\n\t\t\t\t\t<div class=\"ct-image-single style1   wow fadeIn\" data-width=\"\" data-height=\"\">\r\n                        <img decoding=\"async\" width=\"3067\" height=\"1485\" src=\"https:\/\/brandcare.farodevelopment.ro\/wp-content\/uploads\/2025\/03\/ROTOTECH_Schema_CarbonNeutral.png\" class=\"attachment-full\" alt=\"\" \/>            <\/div>\t\t\t\t<\/div>\n\t\t\t\t<\/div>\n\t\t\t\t\t<\/div>\n\t\t\t\t<\/div>\n\t\t\t\t<\/div>\n\t\t","protected":false},"excerpt":{"rendered":"<p>Sustainability Rototech per l\u2019ambiente e le persone Rototech si impegna attivamente nella tutela del clima e nella riduzione dell\u2019impatto ambientale. Grazie a un approccio che si estende lungo l\u2019intera catena del valore, le nostre tecnologie sono progettate per ridurre l\u2019impatto ambientale dei processi produttivi e per ottimizzare l\u2019uso delle risorse, favorendo l\u2019impiego di materiali a [&hellip;]<\/p>\n","protected":false},"author":1,"featured_media":0,"parent":0,"menu_order":0,"comment_status":"closed","ping_status":"closed","template":"","meta":{"footnotes":""},"class_list":["post-8882","page","type-page","status-publish","hentry"],"_links":{"self":[{"href":"https:\/\/brandcare.farodevelopment.ro\/index.php\/wp-json\/wp\/v2\/pages\/8882","targetHints":{"allow":["GET"]}}],"collection":[{"href":"https:\/\/brandcare.farodevelopment.ro\/index.php\/wp-json\/wp\/v2\/pages"}],"about":[{"href":"https:\/\/brandcare.farodevelopment.ro\/index.php\/wp-json\/wp\/v2\/types\/page"}],"author":[{"embeddable":true,"href":"https:\/\/brandcare.farodevelopment.ro\/index.php\/wp-json\/wp\/v2\/users\/1"}],"replies":[{"embeddable":true,"href":"https:\/\/brandcare.farodevelopment.ro\/index.php\/wp-json\/wp\/v2\/comments?post=8882"}],"version-history":[{"count":82,"href":"https:\/\/brandcare.farodevelopment.ro\/index.php\/wp-json\/wp\/v2\/pages\/8882\/revisions"}],"predecessor-version":[{"id":10665,"href":"https:\/\/brandcare.farodevelopment.ro\/index.php\/wp-json\/wp\/v2\/pages\/8882\/revisions\/10665"}],"wp:attachment":[{"href":"https:\/\/brandcare.farodevelopment.ro\/index.php\/wp-json\/wp\/v2\/media?parent=8882"}],"curies":[{"name":"wp","href":"https:\/\/api.w.org\/{rel}","templated":true}]}}